{"id":13,"date":"2016-08-26T10:13:35","date_gmt":"2016-08-26T10:13:35","guid":{"rendered":"http:\/\/stressbewaeltigung-bonn.de\/?page_id=13"},"modified":"2018-07-04T07:18:43","modified_gmt":"2018-07-04T07:18:43","slug":"contact","status":"publish","type":"page","link":"https:\/\/stressbewaeltigung-bonn.de\/?page_id=13","title":{"rendered":"KONTAKT"},"content":{"rendered":"<p><section  id=\"section-69e3f06b056c4\" class=\" fw-main-row-custom fw-main-row-top fw-section-no-padding  auto  tf-sh-da1f3c702d1f08c52bbf186248e53592 \"  style=\"   \"  >\n\t\t\t<div class=\"fw-container\" >\n\t\t<div class=\"fw-row\">\n\t<div id=\"column-d98b875e7f5929b6181f72087502f80b\" class=\"fw-col-sm-12 tf-sh-d98b875e7f5929b6181f72087502f80b\" >\n\t<div class=\"fw-main-row-overlay\"><\/div>\n\t<div class=\"fw-col-inner\">\n\t\t<div class=\"fw-divider-space  fw-custom-space  clearfix\" style=\"height:170px;\" ><\/div><div class=\"fw-icon-title fw-icon-title-top clearfix tf-sh-83d2fac3cf37d4c47d5b1c1757922891  fw-content-align-center\" >\n\t\t\t<div class=\"fw-icon-title-name\">\n\t\t\t\t\t\t\t<span class=\"fw-icon-title-icon fw-custom-icon-image\">\n\t\t\t\t\t\t\t\t\t\t\t<img decoding=\"async\" src=\"\/\/stressbewaeltigung-bonn.de\/wp-content\/uploads\/2016\/08\/sepparator-contact-title-1.png\" alt=\"\" \/>\t\t\t\t\t\t\t\t\t<\/span>\n\t\t\t\n\t\t\t\t\t<\/div>\n\t<\/div><div class=\"fw-divider-space  fw-custom-space  clearfix\" style=\"height:14px;\" ><\/div><div class=\"fw-heading fw-heading-center  tf-sh-6c339930ea50f68c4020deaed7832ed1\" >\n\t\t\t<h2 class=\"fw-special-title\">KONTAKT<\/h2>\n\t\n\t\n\t<\/div><div class=\"fw-heading fw-heading-center  fw-heading-with-subtitle tf-sh-ddfba48c093e40f9d0a03666c85459e4\" >\n\t\n\t\n\t\t\t<div class=\"fw-special-subtitle\">ULRIKE MONTASSER de JONG<\/div>\n\t<\/div><div class=\"fw-icon-title fw-icon-title-top clearfix tf-sh-ce918648b2862915a092bea057a1aa11  fw-content-align-center\" >\n\t\t\t<div class=\"fw-icon-title-name\">\n\t\t\t\t\t\t\t<span class=\"fw-icon-title-icon fw-custom-icon-image\">\n\t\t\t\t\t\t\t\t\t\t\t<img decoding=\"async\" src=\"\/\/stressbewaeltigung-bonn.de\/wp-content\/uploads\/2016\/08\/sepparator-contact-title-1.png\" alt=\"\" \/>\t\t\t\t\t\t\t\t\t<\/span>\n\t\t\t\n\t\t\t\t\t<\/div>\n\t<\/div><div class=\"fw-divider-space  fw-custom-space  clearfix\" style=\"height:75px;\" ><\/div>\t<\/div>\n<\/div><\/div>\n\n\t<\/div>\n\t<\/section><section  id=\"section-69e3f06b06362\" class=\" fw-main-row-custom fw-section-no-padding  fw_theme_bg_fw-custom fw-section-image auto  tf-sh-24d6bc66075ca22a8f77e41f65cab387 \"  style=\"  background-image:url(http:\/\/stressbewaeltigung-bonn.de\/wp-content\/uploads\/2016\/08\/in-the-press-bg.jpg); background-repeat: no-repeat; background-position: center bottom; background-size: auto;  \"  >\n\t\t\t<div class=\"fw-container\" >\n\t\t<div class=\"fw-row\">\n\t<div id=\"column-d6eaa0bd057ea2d0a544aeafaff27518\" class=\"fw-col-sm-12 fw-col-md-6 tf-sh-d6eaa0bd057ea2d0a544aeafaff27518 z-index-press-textbox fw-animated-element\" data-animation-type=\"fadeInUp\" data-animation-delay=\"300\">\n\t<div class=\"fw-main-row-overlay\"><\/div>\n\t<div class=\"fw-col-inner\">\n\t\t<div class=\"fw-heading fw-heading-left  tf-sh-b8ed16e603b6768b3b8dc3f43637633b\" >\n\t\t\t<h4 class=\"fw-special-title\">Addresse:<\/h4>\n\t\n\t\n\t<\/div><div class=\"fw-divider-space  fw-custom-space  clearfix\" style=\"height:25px;\" ><\/div><div class=\"fw-text-box tf-sh-4142ffe420761362896c8ef276e33ef2 \" >\n\t<div class=\"fw-text-inner\">\n\t\t\t<\/div>\n<\/div><div class=\"fw-divider-space  fw-custom-space  clearfix\" style=\"height:35px;\" ><\/div><div class=\"fw-text-box tf-sh-ccab755cc2b970b82ba55d8a3b99e4b0 \" >\n\t<div class=\"fw-text-inner\">\n\t\t<p>Beethovenallee 14b<\/p>\n<p>53173 Bonn<\/p>\n\t<\/div>\n<\/div>\t<\/div>\n<\/div><div id=\"column-eeb8fc3e38ac4fdaae1de8ba4ba2a777\" class=\"fw-col-sm-12 fw-col-md-6 tf-sh-eeb8fc3e38ac4fdaae1de8ba4ba2a777 contact-map\" >\n\t<div class=\"fw-main-row-overlay\"><\/div>\n\t<div class=\"fw-col-inner\">\n\t\t<div class=\"wrap-map fw-map  fw-animated-element tf-sh-7dfbdaa0c6d0f3efdaf40a87497eb487\"  data-animation-type=\"fadeInUp\" data-animation-delay=\"500\" data-locations=\"[{&quot;title&quot;:&quot;&quot;,&quot;url&quot;:&quot;&quot;,&quot;thumb&quot;:false,&quot;coordinates&quot;:{&quot;lat&quot;:-34,&quot;lng&quot;:150},&quot;description&quot;:&quot;&quot;}]\" data-map-type=\"ROADMAP\" data-map-height=\"915\" data-unique-id=\"7dfbdaa0c6d0f3efdaf40a87497eb487\" data-location-advanced-styling=\"{&quot;title&quot;:{&quot;google_font&quot;:true,&quot;subset&quot;:&quot;arabic&quot;,&quot;variation&quot;:&quot;regular&quot;,&quot;family&quot;:&quot;Reem Kufi&quot;,&quot;style&quot;:false,&quot;weight&quot;:false,&quot;size&quot;:&quot;20&quot;,&quot;line-height&quot;:&quot;24&quot;,&quot;letter-spacing&quot;:&quot;10&quot;,&quot;color-palette&quot;:{&quot;id&quot;:&quot;fw-custom&quot;,&quot;color&quot;:&quot;&quot;},&quot;is_saved&quot;:true},&quot;description&quot;:{&quot;google_font&quot;:true,&quot;subset&quot;:&quot;arabic&quot;,&quot;variation&quot;:&quot;regular&quot;,&quot;family&quot;:&quot;Reem Kufi&quot;,&quot;style&quot;:false,&quot;weight&quot;:false,&quot;size&quot;:&quot;12&quot;,&quot;line-height&quot;:&quot;20&quot;,&quot;letter-spacing&quot;:&quot;0&quot;,&quot;color-palette&quot;:{&quot;id&quot;:&quot;fw-custom&quot;,&quot;color&quot;:&quot;&quot;},&quot;is_saved&quot;:true}}\" data-map-pin=\"{&quot;url&quot;:&quot;\\\/\\\/stressbewaeltigung-bonn.de\\\/wp-content\\\/uploads\\\/2016\\\/08\\\/map-marker.png&quot;}\" data-map-zoom=\"15\" data-map-style=\"[{&quot;featureType&quot;:&quot;road&quot;,&quot;stylers&quot;:[{&quot;hue&quot;:&quot;#5e00ff&quot;},{&quot;saturation&quot;:-79}]},{&quot;featureType&quot;:&quot;poi&quot;,&quot;stylers&quot;:[{&quot;saturation&quot;:-78},{&quot;hue&quot;:&quot;#6600ff&quot;},{&quot;lightness&quot;:-47},{&quot;visibility&quot;:&quot;off&quot;}]},{&quot;featureType&quot;:&quot;road.local&quot;,&quot;stylers&quot;:[{&quot;lightness&quot;:22}]},{&quot;featureType&quot;:&quot;landscape&quot;,&quot;stylers&quot;:[{&quot;hue&quot;:&quot;#6600ff&quot;},{&quot;saturation&quot;:-11}]},{},{},{&quot;featureType&quot;:&quot;water&quot;,&quot;stylers&quot;:[{&quot;saturation&quot;:-65},{&quot;hue&quot;:&quot;#1900ff&quot;},{&quot;lightness&quot;:8}]},{&quot;featureType&quot;:&quot;road.local&quot;,&quot;stylers&quot;:[{&quot;weight&quot;:1.3},{&quot;lightness&quot;:30}]},{&quot;featureType&quot;:&quot;transit&quot;,&quot;stylers&quot;:[{&quot;visibility&quot;:&quot;simplified&quot;},{&quot;hue&quot;:&quot;#5e00ff&quot;},{&quot;saturation&quot;:-16}]},{&quot;featureType&quot;:&quot;transit.line&quot;,&quot;stylers&quot;:[{&quot;saturation&quot;:-72}]},{}]\" data-animation-group=\"{&quot;selected&quot;:&quot;yes&quot;,&quot;yes&quot;:{&quot;animation&quot;:{&quot;animation&quot;:&quot;fadeInUp&quot;,&quot;delay&quot;:&quot;500&quot;}}}\" data-responsive=\"{&quot;desktop_display&quot;:{&quot;selected&quot;:&quot;yes&quot;},&quot;tablet_landscape_display&quot;:{&quot;selected&quot;:&quot;yes&quot;},&quot;tablet_display&quot;:{&quot;selected&quot;:&quot;yes&quot;},&quot;smartphone_display&quot;:{&quot;selected&quot;:&quot;yes&quot;}}\" data-class=\"\" >\n\t<div class=\"fw-map-canvas map\"><\/div>\n<\/div><div class=\"fw-divider-space  fw-custom-space  fw-mobile-hide-element clearfix\" style=\"height:75px;\" ><\/div>\t<\/div>\n<\/div><\/div>\n\n<div class=\"fw-row\">\n\t<div id=\"column-533a9b038a551c200d2413092fb7c243\" class=\"fw-col-sm-6 fw-tablet-landscape-hide-element fw-mobile-hide-element tf-sh-533a9b038a551c200d2413092fb7c243 address-absolute\" >\n\t<div class=\"fw-main-row-overlay\"><\/div>\n\t<div class=\"fw-col-inner\">\n\t\t<div class=\"fw-text-box tf-sh-52a2be8b2e2f6aa88a2a528af0bc4dba  fw-animated-element\"  data-animation-type=\"fadeInUp\" data-animation-delay=\"300\">\n\t<div class=\"fw-text-inner\">\n\t\t\t<\/div>\n<\/div>\t<\/div>\n<\/div><\/div>\n\n\t<\/div>\n\t<\/section><section  id=\"section-69e3f06b07a59\" class=\" fw-main-row-custom fw-section-no-padding  auto  tf-sh-c51853bea7f425211bf4acab2e73cbca \"  style=\"   \"  >\n\t\t\t<div class=\"fw-container\" >\n\t\t<div class=\"fw-row\">\n\t<div id=\"column-75481e118f502597d8d621d84c260c7c\" class=\"fw-col-sm-12 tf-sh-75481e118f502597d8d621d84c260c7c  fw-animated-element\" data-animation-type=\"fadeInUp\" data-animation-delay=\"300\">\n\t<div class=\"fw-main-row-overlay\"><\/div>\n\t<div class=\"fw-col-inner\">\n\t\t<div class=\"fw-divider-space  fw-custom-space  clearfix\" style=\"height:90px;\" ><\/div><div class=\"fw-icon-title fw-icon-title-top clearfix tf-sh-492f14e1833bc800d624f9d2912aa21a  fw-content-align-center\" >\n\t\t\t<div class=\"fw-icon-title-name\">\n\t\t\t\t\t\t\t<span class=\"fw-icon-title-icon fw-custom-icon-image\">\n\t\t\t\t\t\t\t\t\t\t\t<img decoding=\"async\" src=\"\/\/stressbewaeltigung-bonn.de\/wp-content\/uploads\/2016\/08\/sepparator-contact-title-1.png\" alt=\"\" \/>\t\t\t\t\t\t\t\t\t<\/span>\n\t\t\t\n\t\t\t\t\t<\/div>\n\t<\/div><div class=\"fw-divider-space  fw-custom-space  clearfix\" style=\"height:14px;\" ><\/div><div class=\"fw-heading fw-heading-center  fw-heading-with-subtitle tf-sh-f8998c8918844186cdcc56956cd4cee9\" >\n\t\n\t\n\t\t\t<div class=\"fw-special-subtitle\">KONTAKT<\/div>\n\t<\/div><div class=\"fw-heading fw-heading-center  tf-sh-b00efee64186c9fd9af5799129e73507\" >\n\t\t\t<h2 class=\"fw-special-title\">Ich freue mich auf Ihre Anfrage f\u00fcr ein pers\u00f6nliches Gespr\u00e4ch.<\/h2>\n\t\n\t\n\t<\/div><div class=\"fw-icon-title fw-icon-title-top clearfix tf-sh-fba62c96d214a33941cf6093ef29be35  fw-content-align-center\" >\n\t\t\t<div class=\"fw-icon-title-name\">\n\t\t\t\t\t\t\t<span class=\"fw-icon-title-icon fw-custom-icon-image\">\n\t\t\t\t\t\t\t\t\t\t\t<img decoding=\"async\" src=\"\/\/stressbewaeltigung-bonn.de\/wp-content\/uploads\/2016\/08\/sepparator-contact-title-1.png\" alt=\"\" \/>\t\t\t\t\t\t\t\t\t<\/span>\n\t\t\t\n\t\t\t\t\t<\/div>\n\t<\/div><div class=\"fw-divider-space  fw-custom-space  clearfix\" style=\"height:40px;\" ><\/div>\t<\/div>\n<\/div><\/div>\n\n<div class=\"fw-row\">\n\t<div id=\"column-8739dacc66119b64a1964703a7e7f73a\" class=\"fw-col-sm-12 tf-sh-8739dacc66119b64a1964703a7e7f73a contact-form fw-animated-element\" data-animation-type=\"fadeInUp\" data-animation-delay=\"300\">\n\t<div class=\"fw-main-row-overlay\"><\/div>\n\t<div class=\"fw-col-inner\">\n\t\t<div class=\"fw-contact-form tf-sh-d0cd570a362902a248dd7b476891a27b \" data-redirect-page=\"\">\n\t<div class=\"fw-row wrap-forms wrap-contact-forms\">\n\t\t<form data-fw-form-id=\"fw_form\" method=\"post\" action=\"https:\/\/stressbewaeltigung-bonn.de\/index.php?rest_route=%2Fwp%2Fv2%2Fpages%2F13\" class=\"fw_form_fw_form\" data-fw-ext-forms-type=\"contact-forms\"  ><input type=\"hidden\" name=\"fwf\" value=\"fw_form\" \/><input type=\"hidden\" id=\"_nonce_d705f91d4b5cdfd2878f25725266e6eb\" name=\"_nonce_d705f91d4b5cdfd2878f25725266e6eb\" value=\"096be30c87\" \/><input type=\"hidden\" name=\"_wp_http_referer\" value=\"\/index.php?rest_route=%2Fwp%2Fv2%2Fpages%2F13\" \/><input type=\"hidden\" name=\"fw_ext_forms_form_type\" value=\"contact-forms\" \/><input type=\"hidden\" name=\"fw_ext_forms_form_id\" value=\"d0cd570a362902a248dd7b476891a27b\" \/><div class=\"fw-row\"><\/div><div class=\"fw-row\"><div class=\"fw-col-xs-12 fw-col-sm-6 form-builder-item\">\n\t<div class=\"field-text\">\n\t\t\t\t<input type=\"text\" name=\"email_e8fb881\" placeholder=\"Email Addresse:\" value=\"\" id=\"id-1\" >\n\t\t\t<\/div>\n<\/div><div class=\"fw-col-xs-12 fw-col-sm-6 form-builder-item\">\n\t<div class=\"field-text\">\n\t\t\t\t<input type=\"text\" name=\"text_4b16287\" placeholder=\"Telefonnummer:\" value=\"\" id=\"id-2\" >\n\t\t\t<\/div>\n<\/div><\/div><div class=\"fw-row\"><div class=\"fw-col-xs-12 form-builder-item\">\n\t<div class=\"field-text\">\n\t\t\t\t<input type=\"text\" name=\"text_1c91910\" placeholder=\"Betreff:\" value=\"\" id=\"id-3\" >\n\t\t\t<\/div>\n<\/div><\/div><div class=\"fw-row\"><div class=\"fw-col-xs-12 form-builder-item\">\n\t<div class=\"field-textarea\">\n\t\t\t\t\t<label for=\"id-4\">Nachricht:\t\t\t\t\t\t\t<\/label>\n\t\t\t\t<textarea name=\"textarea_10340dd\" placeholder=\"\" id=\"id-4\" ><\/textarea>\n\t\t\t<\/div>\n<\/div><\/div><div class=\"fw-row\"><\/div><div class=\"fw-row\">\n\t\t\t<div class=\"fw-col-sm-12 field-submit text-center\">\n\t\t\t<button type=\"submit\" class=\"fw-btn  fw-btn-lg fw-btn-1\" style=\"\">\n\t\t\t\t<span>\n\t\t\t\t\t\t\t\t\t\t\t\u00a0 \u00a0 Nachricht senden \u00a0 \u00a0\t\t\t\t\t\t\t\t\t<\/span>\n\t\t\t<\/button>\n\t\t<\/div>\n\t<\/div><\/form>\t<\/div>\n<\/div>\t<\/div>\n<\/div><\/div>\n\n<div class=\"fw-row\">\n\t<div id=\"column-bf8f846a3140a4d1601e09776311feaf\" class=\"fw-col-sm-12 tf-sh-bf8f846a3140a4d1601e09776311feaf  fw-animated-element\" data-animation-type=\"fadeInUp\" data-animation-delay=\"300\">\n\t<div class=\"fw-main-row-overlay\"><\/div>\n\t<div class=\"fw-col-inner\">\n\t\t<div class=\"fw-heading fw-heading-center  tf-sh-e984c9a6d94c7ccd3112af3f1352aa90\" >\n\t\t\t<h6 class=\"fw-special-title\">Praxis f\u00fcr Gesundheitscoaching Bonn <\/br> Beethovenallee 14b, 53173 Bonn <a href=\"#\" style=\"color: #6f6fcb;\"><\/a><\/h6>\n\t\n\t\n\t<\/div>\t<\/div>\n<\/div><\/div>\n\n\t<\/div>\n\t<\/section><\/p>\n","protected":false},"excerpt":{"rendered":"<p>KONTAKT ULRIKE MONTASSER de JONG Addresse: Beethovenallee 14b 53173 Bonn KONTAKT Ich freue mich auf Ihre Anfrage f\u00fcr ein pers\u00f6nliches Gespr\u00e4ch. Nachricht: \u00a0 \u00a0 Nachricht senden \u00a0 \u00a0 Praxis f\u00fcr Gesundheitscoaching Bonn Beethovenallee 14b, 53173 Bonn<\/p>\n","protected":false},"author":1,"featured_media":0,"parent":0,"menu_order":0,"comment_status":"closed","ping_status":"closed","template":"visual-builder-template.php","meta":{"footnotes":""},"class_list":["post-13","page","type-page","status-publish","hentry"],"_links":{"self":[{"href":"https:\/\/stressbewaeltigung-bonn.de\/index.php?rest_route=\/wp\/v2\/pages\/13"}],"collection":[{"href":"https:\/\/stressbewaeltigung-bonn.de\/index.php?rest_route=\/wp\/v2\/pages"}],"about":[{"href":"https:\/\/stressbewaeltigung-bonn.de\/index.php?rest_route=\/wp\/v2\/types\/page"}],"author":[{"embeddable":true,"href":"https:\/\/stressbewaeltigung-bonn.de\/index.php?rest_route=\/wp\/v2\/users\/1"}],"replies":[{"embeddable":true,"href":"https:\/\/stressbewaeltigung-bonn.de\/index.php?rest_route=%2Fwp%2Fv2%2Fcomments&post=13"}],"version-history":[{"count":18,"href":"https:\/\/stressbewaeltigung-bonn.de\/index.php?rest_route=\/wp\/v2\/pages\/13\/revisions"}],"predecessor-version":[{"id":774,"href":"https:\/\/stressbewaeltigung-bonn.de\/index.php?rest_route=\/wp\/v2\/pages\/13\/revisions\/774"}],"wp:attachment":[{"href":"https:\/\/stressbewaeltigung-bonn.de\/index.php?rest_route=%2Fwp%2Fv2%2Fmedia&parent=13"}],"curies":[{"name":"wp","href":"https:\/\/api.w.org\/{rel}","templated":true}]}}